 - 5. Suppose b = 5*g - 3*g. What is the units digit of g?
1
Let a be (5 + -2)/(2 - 1). Let o(p) = -p**3 + 4*p**2 - 3*p + 3. Let s be o(a). Suppose s*q - 24 = q - 4*m, 4*q - 5*m = 48. What is the units digit of q?
2
Let z be (-5)/((-3)/(-8 - -2)). Let p = z - -16. What is the units digit of p?
6
Let m = -138 + 201. What is the tens digit of m?
6
Let r(j) = j**3 + 5*j**2 + 1. Let w be r(-5). Let m = 1 + w. Suppose -p + 5*k = 8, 6*k = p + m*k + 4. What is the tens digit of p?
1
Suppose -2*c = -2 - 2. What is the units digit of 5/c*(-6)/(-3)?
5
Let j(d) = 16*d + 17. What is the units digit of j(8)?
5
Suppose -6 = 2*u + 12. Let j be 6/(-10)*(-4 - 1). What is the units digit of ((-2)/j)/(6/u)?
1
Suppose -k + 2*a - 3*a = -25, -5*a = -4*k + 145. What is the tens digit of k?
3
Let w(k) = -k - 13. Let j be w(-10). Let v = j - -43. What is the units digit of v?
0
Let k = 390 - 219. What is the units digit of k?
1
Let a be 12/18 - (-2)/(-3). Suppose a = -3*t + j + 1, -6*t + 8 = -2*t + 2*j. What is the units digit of t?
1
Let q be -6 - -4 - -2*1. Suppose q = -4*g - 3*p - 1, -2*g + p + 2*p - 5 = 0. What is the units digit of -1 + (g/1 - -4)?
2
Let i = 10 - 9. Let d = 26 + i. What is the units digit of d?
7
Suppose 3*x + 46 + 82 = s, 0 = -s + 5*x + 120. What is the hundreds digit of s?
1
Suppose -3*k - 3*k = -276. What is the units digit of k?
6
Let l = -4 + 23. What is the tens digit of l?
1
Suppose 0 = 4*w + 2*a - 12, -3*w = 6*a - a - 9. Suppose -3*b = 2 + 7, 0 = -2*h - w*b + 1. What is the units digit of h?
5
Suppose 0 = 2*f - 5 - 3. Let h be 3/f + (-74)/(-8). Suppose 49 - h = 3*u. What is the tens digit of u?
1
Let k be -2*((-7)/2 + 0). Suppose 3*n + n = 24. Let m = k - n. What is the units digit of m?
1
Suppose -3*k + 0 = 12. What is the units digit of (-6)/k*8/12?
1
Suppose 2*u + 4*h - 92 = 0, -4*u + 5*u + 3*h = 44. What is the units digit of u?
0
Let f(u) = 3*u**2 + 7*u**2 + 0 + 1 - 4*u**2. What is the tens digit of f(-2)?
2
Suppose 5*v - 4*p = -29 - 17, 5*v = -5*p - 10. Let l(f) = 8*f + 11. Let d(i) = -7*i - 10. Let w(y) = v*l(y) - 7*d(y). What is the units digit of w(8)?
2
Let b = 37 + -17. What is the tens digit of b?
2
Suppose -40 = -2*n - 0*n. What is the units digit of (-6)/(-4)*n + 0?
0
Let w(a) = -2*a**3 - 5*a**2 - 2*a. Let x be w(-3). Suppose 59 = 4*z + x. What is the units digit of z?
1
Let v(o) = -7*o + 1. Let i be v(-2). Suppose -i + 51 = 2*a. What is the tens digit of a?
1
Let s(d) = 2*d - 2. Let g be s(2). Suppose -g*k - 1 = 1. Let m = k + 2. What is the units digit of m?
1
Suppose -2*m - 42 = -3*m. Let s = m + -28. What is the tens digit of s?
1
Suppose q - 5 = 0, -3*p - p + 483 = 3*q. What is the hundreds digit of p?
1
Suppose p = -q - 1, -2*q - 5*p - 19 = -4*q. Suppose 95 = q*u + 3*u. What is the tens digit of u?
1
Suppose -2*x - 412 = -4*m, -5*m = x - 301 - 207. What is the units digit of m?
2
Let g be 12/(-8) - 1/2. Let o be (3/g)/(1/(-2)). Suppose -o*n = -6 - 6. What is the units digit of n?
4
Suppose x = -4*x - 5*i - 5, -3 = x - i. Let p(c) = -c**3 - 3*c**2 - c + 1. Let g be p(x). Let s(t) = -t**3 + t + 1. What is the units digit of s(g)?
1
Let j be (3/(-2))/((-24)/32). Suppose 4*h = 3*n + 5*h + 13, j*n + 3*h = 3. Let x = -3 - n. What is the units digit of x?
3
What is the units digit of -2 - ((-41)/13 + 10/65)?
1
Let i be (-2)/(-1 + 6/7). Suppose -3*u - 5*s + i = -26, -s + 15 = 2*u. What is the units digit of u?
5
Let b(k) = -3*k + k**3 - 22 + 19 + 2*k + 8*k**2. What is the units digit of b(-8)?
5
Suppose -l = 2*l + 3*w + 33, -4*l - 2*w - 52 = 0. What is the units digit of ((-1)/3)/(1/l)?
5
Let y(c) = -3*c**2 - 2*c + 4 + 1 + c**3 - 3*c. What is the units digit of y(4)?
1
Let s be 8/(-28) + (-18)/(-14). Suppose 0 = -j + 9 + s. What is the units digit of j?
0
Suppose -3*l + 2*y = -40, 0 = 3*l - 2*l - 4*y - 20. Let m = 7 - l. What is the units digit of ((-60)/25)/(1/m)?
2
Suppose 2*a = 4*t + 16, -2*a + 5*a = 5*t + 21. Let s(f) = -2 - 4 - f + a. What is the units digit of s(-5)?
1
Suppose -4*y + 3*t = -8, 4*y + 4*t + 0*t - 36 = 0. What is the units digit of y?
5
Let v(o) = -o**2 + 7*o + 1. Let b be v(6). Let m(s) = -s + 1. Let j(a) = -2*a - 3. Let c(d) = j(d) - 3*m(d). What is the units digit of c(b)?
1
Let z = 10 + -7. Suppose 0 = -k + z - 2. What is the units digit of k?
1
What is the units digit of (-2)/((-87)/(-30) - 3)?
0
Suppose -2*g - 2*t - 3*t = -23, 4*g - 52 = -4*t. What is the tens digit of (-4)/g - (-312)/14?
2
Let m(p) = p**2 - 6*p - 2. Suppose -5*k = -16 - 14. Let z be m(k). What is the units digit of ((-8)/(-3))/(z/(-6))?
8
Let i = 28 + -6. Suppose -18 = -2*y + i. What is the tens digit of y?
2
Let j(p) = 34*p**2 + 2*p + 2. Let g be -4*(-3 + (-39)/(-12)). What is the tens digit of j(g)?
3
Let k be (-2)/2 + -3 + 0. Let w(y) = -y + 4. What is the units digit of w(k)?
8
Let r(u) = -9*u. Suppose 6*s - 7*s = 1. Let t be -3 - -4 - (2 - s). What is the tens digit of r(t)?
1
Suppose -36 = 2*f + f. What is the units digit of 604/24 - (-2)/f?
5
Let b(p) = 2*p - 2. Suppose d + 3*g - 24 = -2*d, 0 = -4*d + g + 22. What is the units digit of b(d)?
0
Suppose 3*p = 65 + 16. What is the units digit of p?
7
Let n(g) = g**3 - 4*g**2 - g - 5. Let v be n(4). Let s = -5 - v. Suppose s*j - 25 = -5. What is the units digit of j?
5
Suppose 8 + 50 = -2*d. Let x = d + 46. What is the units digit of x?
7
Let h = 3 - 1. Suppose -2*g = 3*y + y + h, 3*g + 11 = 2*y. What is the units digit of y?
1
What is the tens digit of (21/(-4))/((-36)/192)?
2
Suppose 5*b + 5*t - 225 = 0, 5*b - 164 = -4*t + 65. What is the units digit of b?
9
Let i = 201 + -117. Suppose 0 = 17*w - 11*w - 18. Suppose -w*k = -5*s + i, 0 = -3*s - 0*k - 3*k + 60. What is the units digit of s?
8
Suppose 0 = 25*t - 28*t + 315. What is the hundreds digit of t?
1
Let t(b) be the first derivative of b**4/4 - 10*b**3/3 - 9*b**2/2 - 15*b - 4. Let c be t(11). Suppose 0 = 2*h - 3 - c. What is the units digit of h?
5
Suppose -10*d + 4*d = -666. What is the units digit of d?
1
Let u = -7 - -9. Let g be (-1)/((-1)/u) - 5. What is the units digit of g - 21/6*-2?
4
What is the tens digit of (-388)/(-14) - (-4)/14?
2
Let f be (0 - -1)/(-1) - -7. Suppose -f = -5*s + 3*r + 13, -4*s + 17 = -3*r. What is the tens digit of 10*s*(-2)/(-4)?
1
What is the units digit of (0/3)/1 - -21?
1
Suppose 3*h - 4*m + 8*m + 9 = 0, 0 = -2*h - m - 1. Let g = h - -2. What is the units digit of g?
3
Suppose 7 + 9 = 4*b. Suppose -b*s + 2*s = -j, -16 = 4*j. What is the units digit of (-1)/((s/(-26))/(-1))?
3
Let c be 0 - (15/3)/(-1). Let a(t) = t**2 - 3*t - 7. What is the units digit of a(c)?
3
Let p be 1 + 0/(-1) + 9. Suppose 4*g - 2*n - p = -4*n, 2*n + 11 = 3*g. Suppose -g*r + 39 = -0*r. What is the units digit of r?
3
Suppose 0 = 3*i + z + 15, 5*z = i + 2*z + 15. Suppose 4*w - 4 - 7 = -v, 0 = -3*v + 5*w - 35. Let l = v - i. What is the units digit of l?
1
Suppose 4*m = -5*k - 6 + 115, 0 = 3*m + 3*k - 81. What is the units digit of m?
6
Suppose 0 = 6*l - 2*l - 80. Let h = l - 9. Suppose 3*u - 16 = h. What is the units digit of u?
9
Suppose 3*s + 2*h - 6 = 0, -4*s + 3*s - 2*h = -2. Suppose -5*o - 3*u + 11 = 0, -2*o + 4*o + 2*u - s = 0. What is the units digit of 23/7 + o/(-14)?
3
Let g(p) = 8*p**2 - 2*p - 24. What is the hundreds digit of g(-4)?
1
Let z be ((-20)/(-8))/((-1)/(-2)). Suppose 3*i + z*r = 31, i + 14 = 3*i + 5*r. What is the tens digit of i?
1
Let r = 15 - -5. Suppose -5*a + r = -a. Let n = a - 1. What is the units digit of n?
4
Suppose 5*n + 4*f - 74 = 0, -51 = -3*n - n + 5*f. What is the units digit of n?
4
Let b = 15 + -11. Suppose 0*p = b*p. Suppose p = -r - 0*r + 15. What is the tens digit of r?
1
Suppose -3*s - 3*x + 31 = 2*x, 4*x - 30 = -5*s. Suppose -s*v - v = -12. Suppose h - 24 = 5*z + 3, -16 = v*z. What is the units digit of h?
7
Let q = 393 + -260. What is the units digit of q?
3
Let w = -10 - -22. What is the units digit of w?
2
Let p = 224 - 157. What is the units digit of p?
7
Suppose 4*w + 5*g - 18 = 0, -8 = -10*w + 5*w + g. What is the units digit of w?
2
Suppose 0 = -2*i - 4*b + 34, -4*i = -3*i + 5*b - 23. Let w = i + -9. Suppose -w + 0 = -2*u. What is the units digit of u?
2
Let r(s) = -s**3 - 3*s**2 + 2*s + 1. Let k be r(-5). Suppose -3*j + k = -2*a - 2*a, 5*j + a - 30 = 0. What is the 